- 23*o**2/2 - 3*o. List the prime factors of u(10).
137
Suppose 5*z - 11*f - 495 = -7*f, 2*z = -f + 185. What are the prime factors of z?
5, 19
Suppose -6*r + 5*r - 6567 = -5*n, -2*n + 2632 = -3*r. What are the prime factors of n?
13, 101
Let g(r) = -60*r - 5. Let h be g(3). What are the prime factors of (20/4)/5 - h?
2, 3, 31
Let a(d) = 59*d**2 - d + 2. Let l be a(-1). Let j = -17 + l. List the prime factors of j.
3, 5
Suppose -1 = i, -5*i + i + 101 = 3*g. What are the prime factors of 790/g - 4/7?
2, 11
Let g(q) be the third derivative of -q**6/120 + q**5/5 + 5*q**4/6 - 8*q**3/3 + 18*q**2. List the prime factors of g(13).
3, 5
Let z(m) = 4*m - 53. Let c be z(13). What are the prime factors of c*(-6 + 5)*(0 - -43)?
43
List the prime factors of 4/(-6) - (-3388810)/654.
3, 11, 157
Let p = -2553 + 5132. List the prime factors of p.
2579
Suppose -6 + 2 = -y. Let d be (2 - 92/y)/(-1). List the prime factors of 0 - (-2 - d) - 1.
2, 11
Let q(j) = 37*j - 90. Let z(u) = 37*u - 89. Let t(r) = -5*q(r) + 6*z(r). What are the prime factors of t(8)?
2, 53
Let n(k) = -430*k**3 - k**2 + 7*k + 24. What are the prime factors of n(-2)?
2, 1723
Let n(d) be the first derivative of 5*d**2/2 + 5*d - 7. List the prime factors of n(8).
3, 5
List the prime factors of (2529/((-3)/1) + -1)/(-2).
2, 211
Let b(p) = 21*p + 45. Let r(v) = 5*v + 11. Let a(f) = 2*b(f) - 9*r(f). What are the prime factors of a(-14)?
3, 11
Suppose 0 = -q - m + 4, -2*q = 2*q - 2*m - 16. Suppose 3*a - 2*a = y - 26, 128 = q*y + 4*a. List the prime factors of y.
29
List the prime factors of -9 - (14 + -7 + -3256).
2, 3, 5
Suppose 4*v - 2147 = x, -5*v = 27*x - 31*x - 2692. What are the prime factors of v?
2, 67
Let y be (4/2 - 1) + -15. Let z = y + 23. What are the prime factors of z?
3
Suppose 3*r - 59 - 133 = 0. Suppose r*j = 59*j + 460. What are the prime factors of j?
2, 23
Let d = -1567 - -2792. What are the prime factors of d?
5, 7
Let a(r) = r**3 - 2*r**2 - 4*r + 6. Let y be a(3). Suppose 0*x - 340 = -5*x - 3*d, 0 = x - y*d - 50. What are the prime factors of x?
5, 13
Let m = -45 + 62. Suppose 0 = -5*w + m*w - 2172. What are the prime factors of w?
181
Suppose -2*d = 5*q - 4993, -8*d - 2*q + 4978 = -6*d. List the prime factors of d.
2, 3, 23
Let z be -2*(-3)/(-6)*0. Suppose -4*d + 2*d + 4 = z. Suppose 0 = -b + d*b - 8. List the prime factors of b.
2
Suppose 584 = 6*j + 152. Suppose 2*x - 122 = j. List the prime factors of x.
97
Let z = -2966 + 4728. What are the prime factors of z?
2, 881
Suppose -30 = -5*b + 5*t, 3*b + 6 = -3*t - 0*t. Let a be b/6 + (-58)/(-6). What are the prime factors of 0 + 20 - (-7 + a)?
17
What are the prime factors of 1/11 + (-32172)/(-33)?
3, 5, 13
Let s(i) = 374*i**2 - 4*i + 31. List the prime factors of s(4).
7, 857
Suppose -2 = -2*k + 10. Suppose -k*j + 11*j - 540 = 0. Suppose -3*q = -4*d - j, -q + 27 = 3*d - 9. What are the prime factors of q?
2, 3
Let v = -248 + 335. List the prime factors of v.
3, 29
Let s = -137 - -74. Let h = s - -112. List the prime factors of h.
7
Let m = -14 - -11. Let r = m - -5. Suppose -3*d = r*d - 35. List the prime factors of d.
7
Let w(o) = o**2 + 7*o + 3238. List the prime factors of w(0).
2, 1619
What are the prime factors of (-24)/(-9) + (-42336)/(-162)?
2, 3, 11
Suppose 0 = 4*c - l - 740, -4*c + 4*l = -1137 + 385. List the prime factors of c.
2, 23
Suppose -b = b + 4*v - 704, 5*b - 1804 = v. What are the prime factors of b?
2, 3, 5
Let j(z) = 2*z**2 - z + 69. List the prime factors of j(16).
5, 113
Let i(g) be the third derivative of g**6/72 + g**5/60 + g**4/12 - 2*g**2. Let a(k) be the second derivative of i(k). List the prime factors of a(4).
2, 3, 7
Let n be 3/(((-2)/(-8))/(720/54)). Suppose -n*x + 159*x + 108 = 0. What are the prime factors of x?
2, 3
Suppose -5845 = -10*j + 3*j. List the prime factors of j.
5, 167
Let s = 1991 - 986. List the prime factors of s.
3, 5, 67
Suppose 0 = 9*v - 3671 - 1729. List the prime factors of v.
2, 3, 5
What are the prime factors of (-53616)/(-200) - 2/25?
2, 67
Suppose -6*b = -b. Suppose d = 0, -4*n = -b*n + 4*d - 472. List the prime factors of n.
2, 59
Let n(d) = d**2 + 23*d - 23. List the prime factors of n(-31).
3, 5
Let q(w) be the first derivative of -2*w**2 - 10*w + 2. List the prime factors of q(-11).
2, 17
Suppose 0*l - 5*q = -3*l + 4289, 3*l = -4*q + 4280. What are the prime factors of l?
2, 3, 7, 17
Let l(d) = -d + 5. Let q be l(-6). Let r = 248 - 206. Suppose -q = k - r. What are the prime factors of k?
31
Let a(x) = x**3 - 5*x**2 - 3*x + 6. Let t be 8/(-5)*(-4 - 1). Suppose -2*h + 4 = -t. What are the prime factors of a(h)?
2, 3
Let o be (-3 + 46)*(-3 - -2). Let t = 62 + o. Let c = -5 + t. List the prime factors of c.
2, 7
Suppose -b + 3*b = 2*i + 1378, 4*b = 5*i + 2753. What are the prime factors of b?
2, 173
List the prime factors of 476 + ((-17)/119 - 72/(-14)).
13, 37
Suppose -h - 2 + 1 = -2*z, 0 = 3*z - h. Let u(a) = -2*a - 8*a - 3*a + 1. What are the prime factors of u(z)?
2, 7
Let d(c) = c**2 + 4*c - 5. Let x be d(-4). List the prime factors of 23*1/(x/(-40)).
2, 23
Suppose w = 3*f + 81, -324 = -3*w - w + 3*f. Let j = -33 + w. List the prime factors of j.
2, 3
List the prime factors of (-4342)/(-6)*(-180 + 183).
13, 167
Suppose 4 = 5*i - 2*m - 0, 5*i - 6 = 3*m. Suppose -5*o + 137 + 113 = i. List the prime factors of o.
2, 5
Let j(q) = -q - 1. Let a be j(-11). Let u be -6 + a + 1/1. Suppose u*g - 3 = 7. What are the prime factors of g?
2
Let k(m) = -40*m + 42. What are the prime factors of k(-15)?
2, 3, 107
Suppose 0 = -u + 3*x + 12, 0*x = -3*u - 5*x + 22. Let h(w) = -w**3 + 12*w**2 - 12*w + 14. What are the prime factors of h(u)?
149
Suppose 950*r = 954*r - 12740. List the prime factors of r.
5, 7, 13
Let u = 11 + 10. Let q = 23 - u. What are the prime factors of q/4*(77 - -9)?
43
Let c be -3*(1 + (-7)/3). Suppose b = c*b. Let z = b - -8. What are the prime factors of z?
2
Let m be (0 + 0)*(-14)/(-42). Suppose -k + 30 - 1 = m. What are the prime factors of k?
29
Let v(l) = 4*l + 19. Let p be v(-5). What are the prime factors of (-6188)/(-85) - p/5?
73
Let s = 169 + -54. Let x = s + -11. What are the prime factors of x?
2, 13
Suppose 0*w - 2*w = 64. Let o = w - -35. Suppose -4*n - o*p + 237 = -0*n, -2*n = 2*p - 116. List the prime factors of n.
3, 7
Let l be (-2)/((-5)/(175/(-10))). Let f = l + 17. List the prime factors of f.
2, 5
Suppose 3*d = n - 6286, 4*n = 8*n - 5*d - 25179. List the prime factors of n.
6301
Let m(y) = -38*y**3 + 24*y**3 + 10 - 9*y**2 + 2*y + 13*y**3 - 3*y. What are the prime factors of m(-10)?
2, 3, 5
List the prime factors of ((-15022)/7)/(-2) - (-2 + -3).
2, 7, 11
Suppose -1799 - 6361 = -3*f - 4*p, -2*f = -p - 5429. List the prime factors of f.
2, 7, 97
Let k be 2*(6 + -2) + -3. Suppose 3*b - 4*m + 2 = 2*b, k*b = -4*m + 14. Suppose 3*l = -b*l + 2*v + 79, 0 = 2*v + 4. What are the prime factors of l?
3, 5
Let j(p) = 11*p - 57. Let b be j(5). Let s(m) = -109*m + 4. List the prime factors of s(b).
2, 3, 37
Let s = 22 + -15. Let f = s + 10. What are the prime factors of f?
17
Let n = -752 + 4304. List the prime factors of n.
2, 3, 37
Let w(b) = b - 2. Let o be w(-3). Let j(u) = u**3 + 4*u**2 - 4*u + 4. Let s be j(o). What are the prime factors of 28*(2 + s)*1?
2, 7
Suppose -a - a = 3*g - 22, 5*a = -3*g + 46. List the prime factors of 434/a + 30/(-24).
53
Let t(s) = -2*s**3 - 8*s**2 + 10*s + 13. Let c be t(-7). Suppose -c = -3*m + 4*o - 2*o, -4*o - 312 = -4*m. What are the prime factors of m?
3
Suppose -2*m + 528 = 2*j - 7308, 0 = -5*m - 4*j + 19591. List the prime factors of m.
3919
What are the prime factors of (1089/5)/((-31)/(-155))?
3, 11
Let v(d) = -4*d - 14. Let m be v(-10). Suppose -2 + m = 4*t. What are the prime factors of t/(-30) - 42/(-10)?
2
Let a = 5334 + -3306. What are the prime factors of (a/(-65))/(-1 + (-7)/(-10))?
2, 13
Let i = -27 - -27. Suppose o - 15 - 9 = i. What are the prime factors of o?
2, 3
Suppose 5*w - 13 = -4*f, 2*w + 4 = -3*f + w. Let r(o) = -29*o - 3. What are the prime factors of r(f)?
2, 3, 7
Let x(o) = o**2 - o + 5. Suppose -b - 32 = -4*b + 2*t, 12 = 4*b + 5*t. List the prime factors of x(b).
61
Let o = 157 - -793. What are the prime factors of o?
2, 5, 19
Let f(n) = -n**3 + 7*n**2 - 3*n - 8. Suppose 9 = t - 4*